{"id":651,"date":"2023-04-19T02:07:25","date_gmt":"2023-04-19T02:07:25","guid":{"rendered":"https:\/\/nhuadangphuong.com\/?post_type=product&#038;p=651"},"modified":"2026-04-17T23:36:12","modified_gmt":"2026-04-17T23:36:12","slug":"bang-dinh-da-bo-tron","status":"publish","type":"product","link":"https:\/\/nhuadangphuong.com\/?product=bang-dinh-da-bo-tron","title":{"rendered":"B\u0103ng di\u0301nh da bo\u0300 tr\u01a1n"},"content":{"rendered":"<p><strong>&#8220;B\u0103ng d\u00ednh da b\u00f2 tr\u01a1n: S\u1ef1 \u0111\u1eb3ng c\u1ea5p v\u00e0 \u1ee9ng d\u1ee5ng thanh l\u1ecbch&#8221;<\/strong><\/p>\n<p>B\u0103ng d\u00ednh da b\u00f2 tr\u01a1n l\u00e0 m\u1ed9t s\u1ea3n ph\u1ea9m mang \u0111\u1ebfn v\u1ebb \u0111\u1eb3ng c\u1ea5p v\u00e0 thanh l\u1ecbch trong l\u0129nh v\u1ef1c \u0111\u00f3ng g\u00f3i, trang tr\u00ed v\u00e0 qu\u1ea3ng c\u00e1o. V\u1edbi v\u1ebb ngo\u1ea1i h\u00ecnh tinh t\u1ebf c\u1ee7a da b\u00f2 v\u00e0 b\u1ec1 m\u1eb7t tr\u01a1n m\u01b0\u1ee3t, b\u0103ng d\u00ednh n\u00e0y kh\u00f4ng ch\u1ec9 t\u1ea1o ra s\u1ef1 b\u1ea3o v\u1ec7 cho h\u00e0ng h\u00f3a m\u00e0 c\u00f2n th\u1ec3 hi\u1ec7n s\u1ef1 ch\u1ea5t l\u01b0\u1ee3ng v\u00e0 phong c\u00e1ch. Trong b\u00e0i vi\u1ebft n\u00e0y, ch\u00fang ta s\u1ebd t\u00ecm hi\u1ec3u v\u1ec1 \u1ee9ng d\u1ee5ng v\u00e0 c\u00e1c \u0111\u1eb7c \u0111i\u1ec3m n\u1ed5i b\u1eadt c\u1ee7a b\u0103ng d\u00ednh da b\u00f2 tr\u01a1n.<\/p>\n<p><img loading=\"lazy\" decoding=\"async\" class=\"aligncenter size-full wp-image-1172\" src=\"https:\/\/nhuadangphuong.com\/wp-content\/uploads\/2023\/08\/6-4.png\" alt=\"\" width=\"1920\" height=\"2688\" srcset=\"https:\/\/nhuadangphuong.com\/wp-content\/uploads\/2023\/08\/6-4.png 1920w, https:\/\/nhuadangphuong.com\/wp-content\/uploads\/2023\/08\/6-4-800x1120.png 800w, https:\/\/nhuadangphuong.com\/wp-content\/uploads\/2023\/08\/6-4-600x840.png 600w\" sizes=\"auto, (max-width: 1920px) 100vw, 1920px\" \/><\/p>\n<p><strong>\u1ee8ng d\u1ee5ng thanh l\u1ecbch c\u1ee7a b\u0103ng d\u00ednh da b\u00f2 tr\u01a1n:<\/strong><\/p>\n<ol>\n<li><strong>\u0110\u00f3ng g\u00f3i s\u1ea3n ph\u1ea9m ch\u1ea5t l\u01b0\u1ee3ng cao:<\/strong> B\u0103ng d\u00ednh da b\u00f2 tr\u01a1n th\u01b0\u1eddng \u0111\u01b0\u1ee3c s\u1eed d\u1ee5ng \u0111\u1ec3 \u0111\u00f3ng g\u00f3i c\u00e1c s\u1ea3n ph\u1ea9m cao c\u1ea5p nh\u01b0 qu\u00e0 t\u1eb7ng, s\u1ea3n ph\u1ea9m da v\u00e0 h\u00e0ng h\u00f3a c\u00f3 gi\u00e1 tr\u1ecb cao. V\u1edbi v\u1ebb ngo\u1ea1i h\u00ecnh \u0111\u1eb3ng c\u1ea5p c\u1ee7a da b\u00f2, n\u00f3 th\u1ec3 hi\u1ec7n s\u1ef1 qu\u00fd ph\u00e1i v\u00e0 t\u1ea1o s\u1ef1 \u1ea5n t\u01b0\u1ee3ng \u0111\u1ea7u ti\u00ean cho ng\u01b0\u1eddi nh\u1eadn.<\/li>\n<li><strong>Trang tr\u00ed v\u00e0 thi\u1ebft k\u1ebf s\u1ea3n ph\u1ea9m:<\/strong> B\u0103ng d\u00ednh da b\u00f2 tr\u01a1n c\u0169ng c\u00f3 th\u1ec3 \u0111\u01b0\u1ee3c s\u1eed d\u1ee5ng trong vi\u1ec7c trang tr\u00ed s\u1ea3n ph\u1ea9m th\u1ee7 c\u00f4ng, l\u00e0m \u0111\u1eb9p album \u1ea3nh, s\u00e1ch v\u00e0 c\u00e1c s\u1ea3n ph\u1ea9m s\u00e1ng t\u1ea1o kh\u00e1c.<\/li>\n<li><strong>G\u1eafn nh\u00e3n v\u00e0 qu\u1ea3ng c\u00e1o:<\/strong> B\u0103ng d\u00ednh da b\u00f2 tr\u01a1n c\u00f3 th\u1ec3 \u0111\u01b0\u1ee3c t\u00f9y ch\u1ec9nh v\u1edbi logo ho\u1eb7c th\u00f4ng \u0111i\u1ec7p th\u01b0\u01a1ng hi\u1ec7u, t\u1ea1o \u0111i\u1ec3m nh\u1ea5n v\u00e0 t\u0103ng t\u00ednh nh\u1edb \u0111\u1ed1i v\u1edbi th\u01b0\u01a1ng hi\u1ec7u. Vi\u1ec7c g\u1eafn nh\u00e3n s\u1ea3n ph\u1ea9m b\u1eb1ng b\u0103ng d\u00ednh da b\u00f2 tr\u01a1n gi\u00fap t\u1ea1o s\u1ef1 th\u1ea9m m\u1ef9 v\u00e0 chuy\u00ean nghi\u1ec7p.<\/li>\n<\/ol>\n<p><strong>\u0110\u1eb7c \u0111i\u1ec3m n\u1ed5i b\u1eadt c\u1ee7a b\u0103ng d\u00ednh da b\u00f2 tr\u01a1n:<\/strong><\/p>\n<ol>\n<li><strong>V\u1ebb \u0111\u1eb3ng c\u1ea5p v\u00e0 sang tr\u1ecdng:<\/strong> Da b\u00f2 mang \u0111\u1ebfn v\u1ebb \u0111\u1eb3ng c\u1ea5p v\u00e0 sang tr\u1ecdng, th\u1ec3 hi\u1ec7n s\u1ef1 ch\u1ea5t l\u01b0\u1ee3ng v\u00e0 gi\u00e1 tr\u1ecb c\u1ee7a s\u1ea3n ph\u1ea9m.<\/li>\n<li><strong>B\u1ec1 m\u1eb7t tr\u01a1n m\u01b0\u1ee3t:<\/strong> B\u1ec1 m\u1eb7t tr\u01a1n c\u1ee7a b\u0103ng d\u00ednh da b\u00f2 t\u1ea1o c\u1ea3m gi\u00e1c m\u1ec1m m\u1ea1i v\u00e0 m\u01b0\u1ee3t m\u00e0, t\u1ea1o th\u00eam s\u1ef1 qu\u00fd ph\u00e1i cho s\u1ea3n ph\u1ea9m.<\/li>\n<li><strong>Kh\u1ea3 n\u0103ng d\u00ednh m\u1ea1nh m\u1ebd:<\/strong> B\u0103ng d\u00ednh da b\u00f2 tr\u01a1n th\u01b0\u1eddng c\u00f3 l\u1edbp keo ch\u1ea5t l\u01b0\u1ee3ng, \u0111\u1ea3m b\u1ea3o s\u1ef1 k\u1ebft d\u00ednh ch\u1eafc ch\u1eafn v\u00e0 b\u1ec1n b\u1ec9.<\/li>\n<li><strong>T\u00ednh linh ho\u1ea1t:<\/strong> T\u01b0\u01a1ng t\u1ef1 c\u00e1c d\u1ea1ng b\u0103ng d\u00ednh OPP kh\u00e1c, b\u0103ng d\u00ednh da b\u00f2 tr\u01a1n d\u1ec5 d\u00e0ng b\u1ecdc quanh c\u00e1c h\u00ecnh d\u1ea1ng v\u00e0 k\u00edch th\u01b0\u1edbc kh\u00e1c nhau c\u1ee7a h\u00e0ng h\u00f3a.<\/li>\n<li><strong>Th\u1ea9m m\u1ef9 v\u00e0 \u0111\u1ed9c \u0111\u00e1o:<\/strong> B\u0103ng d\u00ednh da b\u00f2 tr\u01a1n c\u00f3 kh\u1ea3 n\u0103ng t\u00f9y ch\u1ec9nh v\u1edbi c\u00e1c th\u00f4ng \u0111i\u1ec7p, h\u00ecnh \u1ea3nh ho\u1eb7c logo ri\u00eang, mang \u0111\u1ebfn s\u1ef1 s\u00e1ng t\u1ea1o v\u00e0 thi\u1ebft k\u1ebf \u0111\u1ed9c \u0111\u00e1o.<\/li>\n<\/ol>\n<p>T\u00f3m l\u1ea1i, b\u0103ng d\u00ednh da b\u00f2 tr\u01a1n mang \u0111\u1ebfn s\u1ef1 k\u1ebft h\u1ee3p tuy\u1ec7t v\u1eddi gi\u1eefa v\u1ebb \u0111\u1eb3ng c\u1ea5p c\u1ee7a da b\u00f2 v\u00e0 t\u00ednh l\u1ecbch l\u00e3m c\u1ee7a b\u1ec1 m\u1eb7t tr\u01a1n. V\u1edbi kh\u1ea3 n\u0103ng \u0111\u00f3ng g\u00f3i, trang tr\u00ed v\u00e0 qu\u1ea3ng c\u00e1o th\u01b0\u01a1ng hi\u1ec7u, s\u1ea3n ph\u1ea9m n\u00e0y t\u1ea1o ra s\u1ef1 kh\u00e1c bi\u1ec7t v\u00e0 t\u1ea1o gi\u00e1 tr\u1ecb cho quy tr\u00ecnh s\u1ea3n xu\u1ea5t v\u00e0 chi\u1ebfn l\u01b0\u1ee3c th\u01b0\u01a1ng hi\u1ec7u. S\u1ef1 tinh t\u1ebf v\u00e0 thanh l\u1ecbch c\u1ee7a b\u0103ng d\u00ednh da b\u00f2 tr\u01a1n l\u00e0 \u0111i\u1ec3m nh\u1ea5n ho\u00e0n h\u1ea3o cho s\u1ea3n ph\u1ea9m cu\u1ed1i c\u00f9ng, mang l\u1ea1i tr\u1ea3i nghi\u1ec7m \u0111\u1ed9c \u0111\u00e1o cho c\u1ea3 ng\u01b0\u1eddi s\u1ea3n xu\u1ea5t v\u00e0 ng\u01b0\u1eddi ti\u00eau d\u00f9ng.<\/p>\n","protected":false},"excerpt":{"rendered":"<p>&#8220;B\u0103ng d\u00ednh da b\u00f2 tr\u01a1n: S\u1ef1 \u0111\u1eb3ng c\u1ea5p v\u00e0 \u1ee9ng d\u1ee5ng thanh l\u1ecbch&#8221; B\u0103ng d\u00ednh da b\u00f2 tr\u01a1n l\u00e0 m\u1ed9t s\u1ea3n ph\u1ea9m mang \u0111\u1ebfn v\u1ebb \u0111\u1eb3ng c\u1ea5p v\u00e0 thanh l\u1ecbch trong l\u0129nh v\u1ef1c \u0111\u00f3ng g\u00f3i, trang tr\u00ed v\u00e0 qu\u1ea3ng c\u00e1o. V\u1edbi v\u1ebb ngo\u1ea1i h\u00ecnh tinh t\u1ebf c\u1ee7a da b\u00f2 v\u00e0 b\u1ec1 m\u1eb7t tr\u01a1n m\u01b0\u1ee3t, b\u0103ng&#8230;<\/p>\n","protected":false},"featured_media":1172,"comment_status":"open","ping_status":"closed","template":"","meta":[],"product_brand":[],"product_cat":[23],"product_tag":[],"class_list":{"0":"post-651","1":"product","2":"type-product","3":"status-publish","4":"has-post-thumbnail","6":"product_cat-bang-dinh-opp","8":"first","9":"instock","10":"shipping-taxable","11":"product-type-simple"},"_links":{"self":[{"href":"https:\/\/nhuadangphuong.com\/index.php?rest_route=\/wp\/v2\/product\/651","targetHints":{"allow":["GET"]}}],"collection":[{"href":"https:\/\/nhuadangphuong.com\/index.php?rest_route=\/wp\/v2\/product"}],"about":[{"href":"https:\/\/nhuadangphuong.com\/index.php?rest_route=\/wp\/v2\/types\/product"}],"replies":[{"embeddable":true,"href":"https:\/\/nhuadangphuong.com\/index.php?rest_route=%2Fwp%2Fv2%2Fcomments&post=651"}],"wp:featuredmedia":[{"embeddable":true,"href":"https:\/\/nhuadangphuong.com\/index.php?rest_route=\/wp\/v2\/media\/1172"}],"wp:attachment":[{"href":"https:\/\/nhuadangphuong.com\/index.php?rest_route=%2Fwp%2Fv2%2Fmedia&parent=651"}],"wp:term":[{"taxonomy":"product_brand","embeddable":true,"href":"https:\/\/nhuadangphuong.com\/index.php?rest_route=%2Fwp%2Fv2%2Fproduct_brand&post=651"},{"taxonomy":"product_cat","embeddable":true,"href":"https:\/\/nhuadangphuong.com\/index.php?rest_route=%2Fwp%2Fv2%2Fproduct_cat&post=651"},{"taxonomy":"product_tag","embeddable":true,"href":"https:\/\/nhuadangphuong.com\/index.php?rest_route=%2Fwp%2Fv2%2Fproduct_tag&post=651"}],"curies":[{"name":"wp","href":"https:\/\/api.w.org\/{rel}","templated":true}]}}