{"id":1226,"date":"2023-08-24T03:20:24","date_gmt":"2023-08-24T03:20:24","guid":{"rendered":"https:\/\/nhuadangphuong.com\/?post_type=product&#038;p=1226"},"modified":"2026-04-17T23:48:42","modified_gmt":"2026-04-17T23:48:42","slug":"tam-xop-foam-opp-bac-2-20mm","status":"publish","type":"product","link":"https:\/\/nhuadangphuong.com\/?product=tam-xop-foam-opp-bac-2-20mm","title":{"rendered":"T\u1ea5m x\u1ed1p foam OPP b\u1ea1c 2 ->20mm"},"content":{"rendered":"<p><strong>&#8220;T\u1ea5m x\u1ed1p Foam OPP b\u1ea1c 3mm: S\u1ef1 tinh t\u1ebf v\u00e0 b\u1ea3o v\u1ec7 \u0111a n\u0103ng&#8221;<\/strong><\/p>\n<p>T\u1ea5m x\u1ed1p Foam OPP b\u1ea1c d\u00e0y 3mm l\u00e0 m\u1ed9t gi\u1ea3i ph\u00e1p \u0111\u1ed9c \u0111\u00e1o v\u00e0 hi\u1ec7u qu\u1ea3 trong vi\u1ec7c \u0111\u00f3ng g\u00f3i v\u00e0 b\u1ea3o v\u1ec7 h\u00e0ng h\u00f3a. K\u1ebft h\u1ee3p gi\u1eefa l\u1edbp x\u1ed1p Foam v\u00e0 b\u1ec1 m\u1eb7t OPP b\u1ea1c l\u1ea5p l\u00e1nh t\u1ea1o ra s\u1ef1 tinh t\u1ebf v\u00e0 t\u00ednh th\u1ea9m m\u1ef9 cao, \u0111\u1ed3ng th\u1eddi cung c\u1ea5p kh\u1ea3 n\u0103ng b\u1ea3o v\u1ec7 \u0111a n\u0103ng cho h\u00e0ng h\u00f3a qu\u00fd gi\u00e1. Trong b\u00e0i vi\u1ebft n\u00e0y, ch\u00fang ta s\u1ebd t\u00ecm hi\u1ec3u v\u1ec1 \u1ee9ng d\u1ee5ng v\u00e0 c\u00e1c \u0111\u1eb7c \u0111i\u1ec3m n\u1ed5i b\u1eadt c\u1ee7a t\u1ea5m x\u1ed1p Foam OPP b\u1ea1c 3mm.<\/p>\n<p>&nbsp;<\/p>\n<p><strong>\u1ee8ng d\u1ee5ng \u0111a d\u1ea1ng c\u1ee7a t\u1ea5m x\u1ed1p Foam OPP b\u1ea1c 3mm:<\/strong><\/p>\n<ol>\n<li><strong>B\u1ea3o v\u1ec7 h\u00e0ng h\u00f3a qu\u00fd gi\u00e1:<\/strong> T\u1ea5m x\u1ed1p Foam OPP b\u1ea1c 3mm th\u01b0\u1eddng \u0111\u01b0\u1ee3c s\u1eed d\u1ee5ng \u0111\u1ec3 b\u1ecdc quanh v\u00e0 b\u1ea3o v\u1ec7 c\u00e1c s\u1ea3n ph\u1ea9m c\u00f3 gi\u00e1 tr\u1ecb nh\u01b0 \u0111\u1ed3 trang s\u1ee9c, \u0111i\u1ec7n t\u1eed, v\u00e0 m\u1eb7t h\u00e0ng nh\u1ea1y c\u1ea3m kh\u00e1c. K\u1ebft h\u1ee3p gi\u1eefa l\u1edbp x\u1ed1p Foam gi\u1ea3m s\u1ed1c v\u00e0 l\u1edbp OPP b\u1ea1c l\u1ea5p l\u00e1nh mang \u0111\u1ebfn s\u1ef1 b\u1ea3o v\u1ec7 t\u1ed1i \u01b0u.<\/li>\n<li><strong>G\u00f3i qu\u00e0 t\u1eb7ng v\u00e0 trang tr\u00ed:<\/strong> T\u1ea5m x\u1ed1p Foam OPP b\u1ea1c 3mm c\u0169ng th\u01b0\u1eddng \u0111\u01b0\u1ee3c s\u1eed d\u1ee5ng \u0111\u1ec3 t\u1ea1o ra c\u00e1c m\u00f3n qu\u00e0 t\u1eb7ng \u0111\u1ed9c \u0111\u00e1o v\u00e0 trang tr\u00ed cho s\u1ef1 ki\u1ec7n \u0111\u1eb7c bi\u1ec7t. V\u1edbi v\u1ebb l\u1ea5p l\u00e1nh c\u1ee7a l\u1edbp OPP b\u1ea1c, s\u1ea3n ph\u1ea9m tr\u1edf n\u00ean l\u00f4i cu\u1ed1n v\u00e0 \u1ea5n t\u01b0\u1ee3ng h\u01a1n.<\/li>\n<li><strong>Ch\u1ed1ng th\u1ea5m n\u01b0\u1edbc:<\/strong> L\u1edbp OPP b\u1ea1c l\u1ea5p l\u00e1nh c\u00f3 kh\u1ea3 n\u0103ng ch\u1ed1ng th\u1ea5m n\u01b0\u1edbc, gi\u00fap b\u1ea3o v\u1ec7 h\u00e0ng h\u00f3a kh\u1ecfi \u1ea9m \u01b0\u1edbt v\u00e0 t\u00e1c \u0111\u1ed9ng c\u1ee7a m\u00f4i tr\u01b0\u1eddng \u1ea9m.<\/li>\n<\/ol>\n<p><strong>\u0110\u1eb7c \u0111i\u1ec3m n\u1ed5i b\u1eadt c\u1ee7a t\u1ea5m x\u1ed1p Foam OPP b\u1ea1c 3mm:<\/strong><\/p>\n<ol>\n<li><strong>S\u1ef1 k\u1ebft h\u1ee3p ho\u00e0n h\u1ea3o gi\u1eefa v\u1ebb \u0111\u1eb9p v\u00e0 b\u1ea3o v\u1ec7:<\/strong> K\u1ebft h\u1ee3p gi\u1eefa l\u1edbp x\u1ed1p Foam v\u00e0 l\u1edbp OPP b\u1ea1c t\u1ea1o n\u00ean s\u1ef1 k\u1ebft h\u1ee3p ho\u00e0n h\u1ea3o gi\u1eefa t\u00ednh th\u1ea9m m\u1ef9 cao v\u00e0 kh\u1ea3 n\u0103ng b\u1ea3o v\u1ec7 t\u1ed1i \u01b0u.<\/li>\n<li><strong>Kh\u1ea3 n\u0103ng gi\u1ea3m s\u1ed1c m\u1ea1nh m\u1ebd:<\/strong> L\u1edbp x\u1ed1p Foam d\u00e0y 3mm mang \u0111\u1ebfn kh\u1ea3 n\u0103ng gi\u1ea3m s\u1ed1c m\u1ea1nh m\u1ebd, b\u1ea3o v\u1ec7 h\u00e0ng h\u00f3a kh\u1ecfi c\u00e1c t\u00e1c \u0111\u1ed9ng va \u0111\u1eadp v\u00e0 bi\u1ebfn d\u1ea1ng.<\/li>\n<li><strong>T\u00ednh th\u1ea9m m\u1ef9 l\u1ea5p l\u00e1nh:<\/strong> B\u1ec1 m\u1eb7t l\u1edbp OPP b\u1ea1c l\u1ea5p l\u00e1nh t\u1ea1o n\u00ean v\u1ebb th\u1ea9m m\u1ef9 \u0111\u1ed9c \u0111\u00e1o v\u00e0 \u0111\u1eb7c bi\u1ec7t, l\u00e0m n\u1ed5i b\u1eadt h\u00e0ng h\u00f3a v\u00e0 t\u1ea1o d\u1ea5u \u1ea5n \u0111\u1ed9c \u0111\u00e1o.<\/li>\n<li><strong>D\u1ec5 d\u00e0ng s\u1eed d\u1ee5ng v\u00e0 t\u00f9y ch\u1ec9nh:<\/strong> T\u1ea5m x\u1ed1p Foam OPP b\u1ea1c 3mm c\u00f3 th\u1ec3 d\u1ec5 d\u00e0ng c\u1eaft v\u00e0 \u0111\u1ecbnh h\u00ecnh theo y\u00eau c\u1ea7u c\u1ee5 th\u1ec3, t\u1ea1o s\u1ef1 linh ho\u1ea1t trong vi\u1ec7c \u0111\u00f3ng g\u00f3i v\u00e0 v\u1eadn chuy\u1ec3n.<\/li>\n<li><strong>B\u1ec1n b\u1ec9 v\u00e0 th\u00e2n thi\u1ec7n v\u1edbi m\u00f4i tr\u01b0\u1eddng:<\/strong> S\u1ea3n ph\u1ea9m \u0111\u01b0\u1ee3c l\u00e0m t\u1eeb nguy\u00ean li\u1ec7u b\u1ec1n b\u1ec9 v\u00e0 th\u00e2n thi\u1ec7n v\u1edbi m\u00f4i tr\u01b0\u1eddng, \u0111\u00e1p \u1ee9ng nhu c\u1ea7u c\u1ee7a c\u1ea3 h\u1ec7 th\u1ed1ng s\u1ea3n xu\u1ea5t b\u1ec1n v\u1eefng.<\/li>\n<\/ol>\n<p>T\u00f3m l\u1ea1i, t\u1ea5m x\u1ed1p Foam OPP b\u1ea1c 3mm mang \u0111\u1ebfn s\u1ef1 tinh t\u1ebf v\u00e0 kh\u1ea3 n\u0103ng b\u1ea3o v\u1ec7 \u0111a d\u1ea1ng trong vi\u1ec7c \u0111\u00f3ng g\u00f3i v\u00e0 trang tr\u00ed h\u00e0ng h\u00f3a. V\u1edbi s\u1ef1 k\u1ebft h\u1ee3p ho\u00e0n h\u1ea3o gi\u1eefa t\u00ednh th\u1ea9m m\u1ef9 v\u00e0 kh\u1ea3 n\u0103ng b\u1ea3o v\u1ec7, s\u1ea3n ph\u1ea9m n\u00e0y \u0111\u00e1p \u1ee9ng nhu c\u1ea7u c\u1ee7a nhi\u1ec1u ng\u00e0nh c\u00f4ng nghi\u1ec7p v\u00e0 t\u1ea1o ra tr\u1ea3i nghi\u1ec7m \u0111\u1eb3ng c\u1ea5p cho ng\u01b0\u1eddi s\u1eed d\u1ee5ng.<\/p>\n","protected":false},"excerpt":{"rendered":"<p>&#8220;T\u1ea5m x\u1ed1p Foam OPP b\u1ea1c 3mm: S\u1ef1 tinh t\u1ebf v\u00e0 b\u1ea3o v\u1ec7 \u0111a n\u0103ng&#8221; T\u1ea5m x\u1ed1p Foam OPP b\u1ea1c d\u00e0y 3mm l\u00e0 m\u1ed9t gi\u1ea3i ph\u00e1p \u0111\u1ed9c \u0111\u00e1o v\u00e0 hi\u1ec7u qu\u1ea3 trong vi\u1ec7c \u0111\u00f3ng g\u00f3i v\u00e0 b\u1ea3o v\u1ec7 h\u00e0ng h\u00f3a. K\u1ebft h\u1ee3p gi\u1eefa l\u1edbp x\u1ed1p Foam v\u00e0 b\u1ec1 m\u1eb7t OPP b\u1ea1c l\u1ea5p l\u00e1nh t\u1ea1o ra s\u1ef1&#8230;<\/p>\n","protected":false},"featured_media":1222,"comment_status":"open","ping_status":"closed","template":"","meta":[],"product_brand":[],"product_cat":[18],"product_tag":[],"class_list":{"0":"post-1226","1":"product","2":"type-product","3":"status-publish","4":"has-post-thumbnail","6":"product_cat-xop-epe-foam","8":"first","9":"instock","10":"shipping-taxable","11":"product-type-simple"},"_links":{"self":[{"href":"https:\/\/nhuadangphuong.com\/index.php?rest_route=\/wp\/v2\/product\/1226","targetHints":{"allow":["GET"]}}],"collection":[{"href":"https:\/\/nhuadangphuong.com\/index.php?rest_route=\/wp\/v2\/product"}],"about":[{"href":"https:\/\/nhuadangphuong.com\/index.php?rest_route=\/wp\/v2\/types\/product"}],"replies":[{"embeddable":true,"href":"https:\/\/nhuadangphuong.com\/index.php?rest_route=%2Fwp%2Fv2%2Fcomments&post=1226"}],"wp:featuredmedia":[{"embeddable":true,"href":"https:\/\/nhuadangphuong.com\/index.php?rest_route=\/wp\/v2\/media\/1222"}],"wp:attachment":[{"href":"https:\/\/nhuadangphuong.com\/index.php?rest_route=%2Fwp%2Fv2%2Fmedia&parent=1226"}],"wp:term":[{"taxonomy":"product_brand","embeddable":true,"href":"https:\/\/nhuadangphuong.com\/index.php?rest_route=%2Fwp%2Fv2%2Fproduct_brand&post=1226"},{"taxonomy":"product_cat","embeddable":true,"href":"https:\/\/nhuadangphuong.com\/index.php?rest_route=%2Fwp%2Fv2%2Fproduct_cat&post=1226"},{"taxonomy":"product_tag","embeddable":true,"href":"https:\/\/nhuadangphuong.com\/index.php?rest_route=%2Fwp%2Fv2%2Fproduct_tag&post=1226"}],"curies":[{"name":"wp","href":"https:\/\/api.w.org\/{rel}","templated":true}]}}