{"id":31,"date":"2023-04-17T09:05:23","date_gmt":"2023-04-17T09:05:23","guid":{"rendered":"http:\/\/localhost\/baobi\/?page_id=31"},"modified":"2023-08-17T12:06:44","modified_gmt":"2023-08-17T12:06:44","slug":"tin-tuc","status":"publish","type":"page","link":"https:\/\/nhuadangphuong.com\/?page_id=31","title":{"rendered":"Tin t\u1ee9c"},"content":{"rendered":"<div><strong><span style=\"font-size: 120%;\">\u00a0GI\u00c1 H\u1ea0T NH\u1ef0A TR\u00caN TH\u1eca TR\u01af\u1edcNG H\u00d4M NAY: BI\u1ebeN \u0110\u1ed8NG V\u00c0 XU H\u01af\u1edaNG<\/span><\/strong><\/div>\n<div><strong><span style=\"font-size: 120%;\">Th\u1ecb Tr\u01b0\u1eddng Nh\u1ef1a \u0110ang Tr\u1ea3i Qua Bi\u1ebfn \u0110\u1ed9ng:<\/span><\/strong><\/div>\n<div><\/div>\n<div><span style=\"font-size: 120%;\">Ng\u00e0y h\u00f4m nay, th\u1ecb tr\u01b0\u1eddng h\u1ea1t nh\u1ef1a \u0111ang tr\u1ea3i qua m\u1ed9t giai \u0111o\u1ea1n bi\u1ebfn \u0111\u1ed9ng, khi c\u00e1c ch\u1ec9 s\u1ed1 gi\u00e1 c\u00f3 xu h\u01b0\u1edbng dao \u0111\u1ed9ng trong m\u1ed9t ph\u1ea1m vi kh\u00e1 r\u1ed9ng. C\u00e1c nh\u00e0 qu\u1ea3n l\u00fd trong ng\u00e0nh nh\u1ef1a \u0111ang \u0111\u1ed1i m\u1eb7t v\u1edbi nhi\u1ec1u y\u1ebfu t\u1ed1 \u1ea3nh h\u01b0\u1edfng \u0111\u1ebfn gi\u00e1, bao g\u1ed3m cung c\u1ea7u, bi\u1ebfn \u0111\u1ed9ng gi\u00e1 d\u1ea7u, v\u00e0 t\u00ecnh h\u00ecnh kinh t\u1ebf to\u00e0n c\u1ea7u.<\/span><\/div>\n<div><img loading=\"lazy\" decoding=\"async\" class=\"aligncenter size-full wp-image-976\" src=\"https:\/\/nhuadangphuong.com\/wp-content\/uploads\/2023\/08\/10.png\" alt=\"\" width=\"2245\" height=\"1587\" srcset=\"https:\/\/nhuadangphuong.com\/wp-content\/uploads\/2023\/08\/10.png 2245w, https:\/\/nhuadangphuong.com\/wp-content\/uploads\/2023\/08\/10-800x566.png 800w, https:\/\/nhuadangphuong.com\/wp-content\/uploads\/2023\/08\/10-600x424.png 600w\" sizes=\"auto, (max-width: 2245px) 100vw, 2245px\" \/><\/div>\n<div><strong><span style=\"font-size: 120%;\">\u00a0 \u00a0 \u00a0 \u00a0\u1ea2nh H\u01b0\u1edfng C\u1ee7a Cung C\u1ea7u:<\/span><\/strong><\/div>\n<div><\/div>\n<div><span style=\"font-size: 120%;\">S\u1ef1 bi\u1ebfn \u0111\u1ed9ng trong cung c\u1ea7u \u0111ang \u1ea3nh h\u01b0\u1edfng \u0111\u1ebfn gi\u00e1 h\u1ea1t nh\u1ef1a trong th\u1eddi gian g\u1ea7n \u0111\u00e2y. S\u1ef1 gia t\u0103ng trong nhu c\u1ea7u s\u1ea3n ph\u1ea9m nh\u1ef1a t\u1eeb nhi\u1ec1u ng\u00e0nh c\u00f4ng nghi\u1ec7p \u0111\u00e3 t\u1ea1o ra \u00e1p l\u1ef1c t\u0103ng gi\u00e1 \u0111\u1ed1i v\u1edbi h\u1ea1t nh\u1ef1a. Tuy nhi\u00ean, s\u1ef1 gi\u00e1n \u0111o\u1ea1n trong chu\u1ed7i cung \u1ee9ng c\u0169ng c\u00f3 th\u1ec3 \u1ea3nh h\u01b0\u1edfng \u0111\u1ebfn gi\u00e1 h\u1ea1t nh\u1ef1a, khi m\u1ed9t s\u1ed1 nh\u00e0 s\u1ea3n xu\u1ea5t ph\u1ea3i \u0111\u1ed1i m\u1eb7t v\u1edbi kh\u00f3 kh\u0103n trong vi\u1ec7c ti\u1ebfp t\u1ee5c s\u1ea3n xu\u1ea5t v\u00e0 cung \u1ee9ng \u0111\u1ee7 h\u00e0ng h\u00f3a.<\/span><\/div>\n<div><\/div>\n<div><strong><span style=\"font-size: 120%;\">\u00a0 \u00a0 \u00a0 \u00a0Bi\u1ebfn \u0110\u1ed9ng Gi\u00e1 D\u1ea7u:<\/span><\/strong><\/div>\n<div><\/div>\n<div><span style=\"font-size: 120%;\">Gi\u00e1 d\u1ea7u, m\u1ed9t y\u1ebfu t\u1ed1 quan tr\u1ecdng \u1ea3nh h\u01b0\u1edfng \u0111\u1ebfn ng\u00e0nh nh\u1ef1a, \u0111\u00e3 tr\u1ea3i qua bi\u1ebfn \u0111\u1ed9ng m\u1ea1nh m\u1ebd trong th\u1eddi gian g\u1ea7n \u0111\u00e2y. S\u1ef1 t\u0103ng gi\u00e1 ho\u1eb7c gi\u1ea3m gi\u00e1 c\u1ee7a d\u1ea7u c\u00f3 th\u1ec3 g\u00e2y ra t\u00e1c \u0111\u1ed9ng l\u1edbn \u0111\u1ebfn gi\u00e1 h\u1ea1t nh\u1ef1a. S\u1ef1 kh\u00f4ng ch\u1eafc ch\u1eafn v\u1ec1 t\u00ecnh h\u00ecnh cung c\u1ea5p d\u1ea7u c\u0169ng c\u00f3 th\u1ec3 g\u00e2y ra t\u0103ng gi\u00e1 kh\u00f4ng \u1ed5n \u0111\u1ecbnh cho nguy\u00ean li\u1ec7u n\u00e0y.<\/span><\/div>\n<div><img loading=\"lazy\" decoding=\"async\" class=\"aligncenter size-full wp-image-975\" src=\"https:\/\/nhuadangphuong.com\/wp-content\/uploads\/2023\/08\/9.png\" alt=\"\" width=\"2245\" height=\"1587\" srcset=\"https:\/\/nhuadangphuong.com\/wp-content\/uploads\/2023\/08\/9.png 2245w, https:\/\/nhuadangphuong.com\/wp-content\/uploads\/2023\/08\/9-800x566.png 800w, https:\/\/nhuadangphuong.com\/wp-content\/uploads\/2023\/08\/9-600x424.png 600w\" sizes=\"auto, (max-width: 2245px) 100vw, 2245px\" \/><\/div>\n<div><strong><span style=\"font-size: 120%;\">\u00a0 \u00a0 \u00a0 \u00a0T\u00ecnh H\u00ecnh Kinh T\u1ebf To\u00e0n C\u1ea7u:<\/span><\/strong><\/div>\n<div><\/div>\n<div><span style=\"font-size: 120%;\">T\u00ecnh h\u00ecnh kinh t\u1ebf to\u00e0n c\u1ea7u c\u0169ng \u0111\u00f3ng m\u1ed9t vai tr\u00f2 quan tr\u1ecdng trong x\u00e1c \u0111\u1ecbnh gi\u00e1 h\u1ea1t nh\u1ef1a. S\u1ef1 bi\u1ebfn \u0111\u1ed5i trong t\u00ecnh h\u00ecnh kinh t\u1ebf v\u00e0 th\u01b0\u01a1ng m\u1ea1i qu\u1ed1c t\u1ebf c\u00f3 th\u1ec3 \u1ea3nh h\u01b0\u1edfng \u0111\u1ebfn nhu c\u1ea7u v\u00e0 cung c\u1ea5p s\u1ea3n ph\u1ea9m nh\u1ef1a, \u1ea3nh h\u01b0\u1edfng \u0111\u1ebfn gi\u00e1 h\u1ea1t nh\u1ef1a tr\u00ean th\u1ecb tr\u01b0\u1eddng.<\/span><\/div>\n<div><\/div>\n<div><span style=\"font-size: 120%;\">Trong t\u01b0\u01a1ng lai g\u1ea7n, ng\u00e0nh nh\u1ef1a s\u1ebd c\u1ea7n theo d\u00f5i ch\u1eb7t ch\u1ebd s\u1ef1 bi\u1ebfn \u0111\u1ed5i c\u1ee7a c\u00e1c y\u1ebfu t\u1ed1 n\u00e0y \u0111\u1ec3 d\u1ef1 \u0111o\u00e1n v\u00e0 \u1ee9ng ph\u00f3 v\u1edbi c\u00e1c thay \u0111\u1ed5i v\u1ec1 gi\u00e1 h\u1ea1t nh\u1ef1a tr\u00ean th\u1ecb tr\u01b0\u1eddng.<\/span><\/div>\n","protected":false},"excerpt":{"rendered":"<p>\u00a0GI\u00c1 H\u1ea0T NH\u1ef0A TR\u00caN TH\u1eca TR\u01af\u1edcNG H\u00d4M NAY: BI\u1ebeN \u0110\u1ed8NG V\u00c0 XU H\u01af\u1edaNG Th\u1ecb Tr\u01b0\u1eddng Nh\u1ef1a \u0110ang Tr\u1ea3i Qua Bi\u1ebfn \u0110\u1ed9ng: Ng\u00e0y h\u00f4m nay, th\u1ecb tr\u01b0\u1eddng h\u1ea1t nh\u1ef1a \u0111ang tr\u1ea3i qua m\u1ed9t giai \u0111o\u1ea1n bi\u1ebfn \u0111\u1ed9ng, khi c\u00e1c ch\u1ec9 s\u1ed1 gi\u00e1 c\u00f3 xu h\u01b0\u1edbng dao \u0111\u1ed9ng trong m\u1ed9t ph\u1ea1m vi kh\u00e1 r\u1ed9ng. C\u00e1c nh\u00e0 qu\u1ea3n&#8230;<\/p>\n","protected":false},"author":1,"featured_media":0,"parent":0,"menu_order":0,"comment_status":"closed","ping_status":"closed","template":"","meta":{"footnotes":""},"class_list":["post-31","page","type-page","status-publish","hentry"],"_links":{"self":[{"href":"https:\/\/nhuadangphuong.com\/index.php?rest_route=\/wp\/v2\/pages\/31","targetHints":{"allow":["GET"]}}],"collection":[{"href":"https:\/\/nhuadangphuong.com\/index.php?rest_route=\/wp\/v2\/pages"}],"about":[{"href":"https:\/\/nhuadangphuong.com\/index.php?rest_route=\/wp\/v2\/types\/page"}],"author":[{"embeddable":true,"href":"https:\/\/nhuadangphuong.com\/index.php?rest_route=\/wp\/v2\/users\/1"}],"replies":[{"embeddable":true,"href":"https:\/\/nhuadangphuong.com\/index.php?rest_route=%2Fwp%2Fv2%2Fcomments&post=31"}],"version-history":[{"count":3,"href":"https:\/\/nhuadangphuong.com\/index.php?rest_route=\/wp\/v2\/pages\/31\/revisions"}],"predecessor-version":[{"id":980,"href":"https:\/\/nhuadangphuong.com\/index.php?rest_route=\/wp\/v2\/pages\/31\/revisions\/980"}],"wp:attachment":[{"href":"https:\/\/nhuadangphuong.com\/index.php?rest_route=%2Fwp%2Fv2%2Fmedia&parent=31"}],"curies":[{"name":"wp","href":"https:\/\/api.w.org\/{rel}","templated":true}]}}